en 4581197 is divided by 1583?
1578
What is the remainder when 1636207 is divided by 9?
7
Calculate the remainder when 55951906 is divided by 221.
10
Calculate the remainder when 62049720 is divided by 83.
82
Calculate the remainder when 3207482 is divided by 200439.
458
Calculate the remainder when 17440207 is divided by 2031.
10
Calculate the remainder when 7869288 is divided by 1311548.
0
What is the remainder when 35582337 is divided by 1951?
1950
What is the remainder when 45904 is divided by 22468?
968
What is the remainder when 1175113 is divided by 482?
479
Calculate the remainder when 158430 is divided by 595.
160
Calculate the remainder when 53846376 is divided by 17948792.
0
What is the remainder when 9202882 is divided by 11155?
7
What is the remainder when 1830754 is divided by 11?
2
Calculate the remainder when 5395832 is divided by 7.
1
What is the remainder when 780915 is divided by 78089?
25
What is the remainder when 11690 is divided by 1303?
1266
Calculate the remainder when 215349 is divided by 2854.
1299
Calculate the remainder when 55916828 is divided by 2528.
2524
Calculate the remainder when 1982847 is divided by 8406.
7437
What is the remainder when 6080 is divided by 5588?
492
What is the remainder when 19678 is divided by 649?
208
Calculate the remainder when 6228286 is divided by 377.
246
Calculate the remainder when 3407960 is divided by 3407887.
73
What is the remainder when 234893350 is divided by 93?
88
What is the remainder when 17235260 is divided by 1539?
1538
What is the remainder when 53576 is divided by 16903?
2867
What is the remainder when 239970 is divided by 1472?
34
Calculate the remainder when 10268819 is divided by 45.
44
What is the remainder when 3971975 is divided by 684?
671
What is the remainder when 277912 is divided by 30800?
712
What is the remainder when 7289418 is divided by 7289416?
2
Calculate the remainder when 7763329 is divided by 1940829.
13
What is the remainder when 217824043 is divided by 5?
3
Calculate the remainder when 2091580 is divided by 114.
22
Calculate the remainder when 721896 is divided by 378.
294
Calculate the remainder when 130643 is divided by 130609.
34
What is the remainder when 191441 is divided by 664?
209
What is the remainder when 2192882 is divided by 1096415?
52
What is the remainder when 1418795 is divided by 5122?
1
Calculate the remainder when 262181 is divided by 8650.
2681
What is the remainder when 262833 is divided by 87311?
900
What is the remainder when 13173 is divided by 1831?
356
Calculate the remainder when 31688 is divided by 1113.
524
What is the remainder when 500760 is divided by 651?
141
Calculate the remainder when 32884 is divided by 10945.
49
Calculate the remainder when 222897 is divided by 467.
138
What is the remainder when 111277 is divided by 983?
198
What is the remainder when 168190 is divided by 1602?
1582
What is the remainder when 1516252 is divided by 825?
727
What is the remainder when 8040391 is divided by 132?
7
What is the remainder when 108188 is divided by 14799?
4595
What is the remainder when 4149 is divided by 1579?
991
Calculate the remainder when 343504 is divided by 113953.
1645
Calculate the remainder when 4649904 is divided by 23.
17
Calculate the remainder when 49656 is divided by 6113.
752
What is the remainder when 487918 is divided by 621?
433
What is the remainder when 783023 is divided by 22?
21
What is the remainder when 37252 is divided by 1418?
384
What is the remainder when 266472 is divided by 273?
24
What is the remainder when 2503122 is divided by 887?
8
What is the remainder when 154068 is divided by 378?
222
Calculate the remainder when 1825299 is divided by 1825280.
19
What is the remainder when 10333 is divided by 2557?
105
Calculate the remainder when 91819 is divided by 7351.
3607
What is the remainder when 31813 is divided by 15206?
1401
What is the remainder when 552665 is divided by 206?
173
Calculate the remainder when 1911283 is divided by 949.
946
Calculate the remainder when 9340025 is divided by 3113340.
5
What is the remainder when 421154 is divided by 925?
279
Calculate the remainder when 3353450 is divided by 152429.
12
Calculate the remainder when 25566815 is divided by 264.
263
What is the remainder when 1139765 is divided by 63316?
77
What is the remainder when 1241613 is divided by 70?
23
Calculate the remainder when 1109510 is divided by 1324.
1322
Calculate the remainder when 1796540 is divided by 7.
4
What is the remainder when 77723 is divided by 58?
3
Calculate the remainder when 296948 is divided by 1324.
372
Calculate the remainder when 866515 is divided by 108237.
619
What is the remainder when 7416 is divided by 1228?
48
Calculate the remainder when 2592553 is divided by 184.
177
Calculate the remainder when 768419 is divided by 85313.
602
Calculate the remainder when 2403890 is divided by 600858.
458
Calculate the remainder when 2218864 is divided by 587.
4
Calculate the remainder when 30288967 is divided by 327.
265
Calculate the remainder when 1255658 is divided by 1833.
53
What is the remainder when 2961183 is divided by 2961182?
1
What is the remainder when 620593 is divided by 5861?
5188
Calculate the remainder when 19654471 is divided by 25.
21
Calculate the remainder when 3764409 is divided by 941096.
25
What is the remainder when 15443943 is divided by 34168?
7
What is the remainder when 229806 is divided by 11430?
1206
Calculate the remainder when 62805282 is divided by 52.
46
Calculate the remainder when 2868580 is divided by 956193.
1
What is the remainder when 1124256 is divided by 1124073?
183
Calculate the remainder when 80508535 is divided by 268.
263
Calculate the remainder when 446046 is divided by 3377.
282
What is the remainder when 104244 is divided by 17050?
1944
Calculate the remainder when 52421142 is divided by 79.
60
Calculate the remainder when 484058940 is divided by 1481.
14
Calculate the remainder when 296699 is divided by 4939.
359
What is the remainder when 24469548 is divided by 3336?
3324
Calculate the remainder when 216040 is divided by 21543.
610
What is the remainder when 134504 is divided by 6322?
1742
Calculate the remainder when 2272552 is divided by 377.
373
What is the remainder when 35863470 is divided by 272?
270
What is the remainder when 56165 is divided by 14004?
149
What is the remainder when 38857429 is divided by 727?
6
Calculate the remainder when 600765 is divided by 764.
261
Calculate the remainder when 784233 is divided by 2197.
2101
Calculate the remainder when 4043993 is divided by 219.
158
What is the remainder when 55777 is divided by 10757?
1992
What is the remainder when 12714519 is divided by 66?
15
What is the remainder when 3963608 is divided by 172?
40
Calculate the remainder when 2368920 is divided by 789612.
84
Calculate the remainder when 156040003 is divided by 1522.
1519
What is the remainder when 35872 is divided by 1236?
28
Calculate the remainder when 1083023 is divided by 526.
515
Calculate the remainder when 661517 is divided by 217304.
9605
Calculate the remainder when 255939417 is divided by 2805.
2802
Calculate the remainder when 3857557 is divided by 40.
37
Calculate the remainder when 917621 is divided by 183263.
1306
What is the remainder when 659289 is divided by 23546?
1
Calculate the remainder when 984208 is divided by 27.
4
Calculate the remainder when 265094 is divided by 188.
14
What is the remainder when 69897 is divided by 323?
129
What is the remainder when 107385270 is divided by 2825928?
6
What is the remainder when 453069 is divided by 8439?
5802
What is the remainder when 54635950 is divided by 3?
1
What is the remainder when 1802337 is divided by 900846?
645
What is the remainder when 8395571 is divided by 30?
11
Calculate the remainder when 2095969 is divided by 1047847.
275
What is the remainder when 27771235 is divided by 5229?
16
Calculate the remainder when 376927 is divided by 94120.
447
Calculate the remainder when 3105148 is divided by 381.
379
What is the remainder when 25779644 is divided by 325?
319
What is the remainder when 22283 is divided by 840?
443
What is the remainder when 1052490 is divided by 16?
10
Calculate the remainder when 476800546 is divided by 4